ded by 14980?
2
Calculate the remainder when 59269 is divided by 74.
69
What is the remainder when 56782 is divided by 18921?
19
Calculate the remainder when 42542 is divided by 3867.
5
What is the remainder when 19719 is divided by 31?
3
What is the remainder when 4090 is divided by 3967?
123
Calculate the remainder when 848 is divided by 80.
48
What is the remainder when 212929 is divided by 59?
57
What is the remainder when 3918764 is divided by 14?
10
What is the remainder when 22522 is divided by 25?
22
Calculate the remainder when 133045 is divided by 1344.
1333
What is the remainder when 7141 is divided by 7122?
19
What is the remainder when 5603789 is divided by 15?
14
Calculate the remainder when 1785 is divided by 205.
145
Calculate the remainder when 838 is divided by 33.
13
What is the remainder when 181822 is divided by 60606?
4
Calculate the remainder when 73299 is divided by 49.
44
Calculate the remainder when 675 is divided by 335.
5
What is the remainder when 95955 is divided by 31979?
18
What is the remainder when 503 is divided by 435?
68
Calculate the remainder when 1465977 is divided by 30.
27
Calculate the remainder when 91913 is divided by 155.
153
What is the remainder when 101007 is divided by 91?
88
What is the remainder when 82597 is divided by 216?
85
Calculate the remainder when 2846 is divided by 790.
476
Calculate the remainder when 47860 is divided by 62.
58
Calculate the remainder when 14302 is divided by 91.
15
Calculate the remainder when 2631 is divided by 49.
34
Calculate the remainder when 12887 is divided by 2941.
1123
What is the remainder when 9027 is divided by 30?
27
Calculate the remainder when 1501317 is divided by 7.
6
Calculate the remainder when 3960 is divided by 50.
10
Calculate the remainder when 54766 is divided by 383.
380
What is the remainder when 9491 is divided by 453?
431
Calculate the remainder when 6265 is divided by 808.
609
What is the remainder when 222462 is divided by 88?
86
What is the remainder when 385751 is divided by 24?
23
What is the remainder when 6185 is divided by 3088?
9
Calculate the remainder when 383775 is divided by 13706.
7
Calculate the remainder when 1480 is divided by 1252.
228
What is the remainder when 16764 is divided by 52?
20
What is the remainder when 782 is divided by 406?
376
What is the remainder when 365471 is divided by 72?
71
What is the remainder when 26011 is divided by 29?
27
Calculate the remainder when 4824 is divided by 1238.
1110
What is the remainder when 10148 is divided by 50?
48
What is the remainder when 11156 is divided by 3714?
14
What is the remainder when 81172 is divided by 25?
22
What is the remainder when 16757 is divided by 38?
37
Calculate the remainder when 589 is divided by 269.
51
What is the remainder when 3175 is divided by 176?
7
Calculate the remainder when 304491 is divided by 27.
12
Calculate the remainder when 16341 is divided by 451.
105
What is the remainder when 84456 is divided by 104?
8
Calculate the remainder when 62905 is divided by 15615.
445
Calculate the remainder when 6537 is divided by 213.
147
Calculate the remainder when 158475 is divided by 1093.
1083
What is the remainder when 2669 is divided by 379?
16
Calculate the remainder when 2030 is divided by 34.
24
Calculate the remainder when 15484 is divided by 235.
209
Calculate the remainder when 1520 is divided by 429.
233
Calculate the remainder when 25375 is divided by 3166.
47
What is the remainder when 44543 is divided by 26?
5
What is the remainder when 3505391 is divided by 132?
131
What is the remainder when 10334 is divided by 29?
10
What is the remainder when 329940 is divided by 1166?
1128
Calculate the remainder when 7338 is divided by 1357.
553
Calculate the remainder when 3457 is divided by 1666.
125
Calculate the remainder when 15759 is divided by 1965.
39
Calculate the remainder when 143481 is divided by 28684.
61
Calculate the remainder when 50393 is divided by 93.
80
Calculate the remainder when 848732 is divided by 80.
12
Calculate the remainder when 8340978 is divided by 57.
54
Calculate the remainder when 1877 is divided by 506.
359
Calculate the remainder when 1653 is divided by 367.
185
Calculate the remainder when 11690 is divided by 679.
147
What is the remainder when 78632 is divided by 216?
8
Calculate the remainder when 12661 is divided by 2531.
6
What is the remainder when 105351 is divided by 54?
51
What is the remainder when 8195 is divided by 157?
31
Calculate the remainder when 2387 is divided by 176.
99
What is the remainder when 50618 is divided by 286?
282
What is the remainder when 46010 is divided by 125?
10
Calculate the remainder when 34080 is divided by 88.
24
What is the remainder when 963203 is divided by 3?
2
What is the remainder when 6031 is divided by 212?
95
Calculate the remainder when 4071 is divided by 42.
39
Calculate the remainder when 80766 is divided by 151.
132
Calculate the remainder when 10399 is divided by 12.
7
What is the remainder when 261324 is divided by 732?
0
Calculate the remainder when 581325 is divided by 451.
437
Calculate the remainder when 168112 is divided by 60.
52
Calculate the remainder when 5799 is divided by 953.
81
Calculate the remainder when 54432 is divided by 242.
224
Calculate the remainder when 1003 is divided by 305.
88
What is the remainder when 4941 is divided by 352?
13
What is the remainder when 1708379 is divided by 180?
179
What is the remainder when 155129 is divided by 145?
124
What is the remainder when 54525 is divided by 80?
45
Calculate the remainder when 36802 is divided by 12266.
4
Calculate the remainder when 331 is divided by 104.
19
What is the remainder when 20827 is divided by 393?
391
What is the remainder when 24784 is divided by 55?
34
Calculate the remainder when 7685 is divided by 500.
185
What is the remainder when 22236 is divided by 543?
516
What is the remainder when 4937 is divided by 2466?
5
What is the remainder when 4743 is divided by 116?
103
What is the remainder when 4805 is divided by 135?
80
Calculate the remainder when 76152 is divided by 25384.
0
What is the remainder when 14777 is divided by 33?
26
Calculate the remainder when 1768 is divided by 615.
538
What is the remainder when 3713 is divided by 3679?
34
Calculate the remainder when 586595 is divided by 6.
5
What is the remainder when 20909 is divided by 10448?
13
What is the remainder when 62402 is divided by 30979?
444
What is the remainder when 189441 is divided by 27063?
0
What is the remainder when 109143 is divided by 21?
6
What is the remainder when 218900 is divided by 72961?
17
Calculate the remainder when 80752 is divided by 13455.
22
Calculate the remainder when 1400159 is divided by 8.
7
What is the remainder when 148381 is divided by 29?
17
Calculate the remainder when 4664 is divided by 13.
10
What is the remainder when 10061 is divided by 3341?
38
Calculate the remainder when 1921 is divided by 326.
291
Calculate the remainder when 44854 is divided by 89.
87
Calculate the remainder when 937 is divided by 900.
37
Calculate the remainder when 145523 is divided by 362.
361
What is the remainder when 27522 is divided by 1091?
247
Calculate the remainder when 182276 is divided by 980.
976
Calculate the remainder when 794068 is divided by 918.
916
What is the remainder when 1983 is divided by 493?
11
What is the remainder when 486967 is divided by 466?
463
What is the remainder when 21568 is divided by 3581?
82
What is the remainder when 139742 is divided by 5822?
14
Calculate the remainder when 841633 is divided by 1211.
1199
Calculate the remainder when 5941 is divided by 5893.
48
Calculate the remainder when 86748 is divided by 419.
15
What is the remainder when 17243 is divided by 59?
15
Calculate the remainder when 43944 is divided by 29.
9
What is the remainder when 31276 is divided by 109?
102
What is the remainder when 7442 is divided by 1237?
20
What is the remainder when 14295 is divided by 280?
15
Calculate the remainder when 1525661 is divided by 1568.
1565
Calculate the remainder when 6721 is divided by 115.
51
What is the remainder when 75177 is divided by 118?
11
Calculate the remainder when 11640 is divided by 22.
2
Calculate the remainder when 17951